 - 19 + 31 = 0. Let b be (q/(-6))/(8/(-12)). Give m(b).
7
Let j(m) be the third derivative of 0*m + 21*m**2 + 1/120*m**6 + 7/3*m**3 + 0 + 1/6*m**5 + 1/12*m**4. Calculate j(-10).
-6
Suppose -2*d - 4*j = 0, 2*j = 5*d + 7 + 5. Suppose -5*m = -9*m + 4. Let f(t) = -2*t + 2*t + t + 0*t - m. Calculate f(d).
-3
Let j(p) be the second derivative of -p**5/20 + p**4/2 + p**3/6 - 3*p**2 - 25*p. Suppose -2 = -0*m - m. Let c be ((m - 4) + -4)*-1. What is j(c)?
0
Let g(d) = 5*d**2 - 6 - 3*d**2 - 12*d + 3*d**2 + d**3 + 4*d. What is g(-6)?
6
Let n(k) = -k**3 + 18*k**2 - 16*k - 10. Suppose 10*v = 136 + 34. Calculate n(v).
7
Let v(p) be the third derivative of p**5/60 - p**4/24 + 4*p**3/3 + 254*p**2. Give v(0).
8
Let c(j) = -8 - 3 - 3*j**3 - 3*j + 13 + 8*j**3. What is c(2)?
36
Let j(k) = 7*k**3 + 12*k**2 + 10*k - 2. Let c(q) = -20*q**3 - 33*q**2 - 29*q + 7. Let v(z) = 6*c(z) + 17*j(z). Calculate v(6).
-16
Suppose 0 = -5*j - 5, 3*y + 3*j - 8*j = 41. Let q(k) = k**2 - 14*k + 15. Calculate q(y).
-9
Let r(f) be the first derivative of -f**3/3 - 2*f**2 + f - 2. Suppose 17*k = -389 + 304. Give r(k).
-4
Let o be (-28)/(-20) + 4/(-10). Let b(v) = -7*v - 4 + v**2 + 8*v + o - 3*v. Give b(4).
5
Let i = -16 - -25. Let f be (1 + -1)*(4 + -3). Let p(l) = 4 + 3*l - 5*l + f + i*l. What is p(-3)?
-17
Let l(p) = 2*p - 4. Let n be l(3). Let a(d) = 2*d - 1. Let z(h) = -5*h + 5. Let u(i) = -3*a(i) - z(i). Determine u(n).
-4
Let r(w) = w**3 - 4*w**2 + 3*w - 5. Suppose a = -2*v + 3 + 9, 0 = 4*a - 4*v. Let z be r(a). Let c(i) = -i**3 + 7*i**2 - i + 5. Calculate c(z).
-2
Suppose -11*c + 154 - 121 = 0. Let h(o) = o + 1. Let t(k) = -k**2 + 5*k + 3. Let s(d) = 3*h(d) - t(d). Give s(c).
3
Let y be 51/9 - 4/6. Suppose 2*n - 18 = y*h, -5*h + 4*n = -6 + 32. Let u be h*(-3)/(-12)*-6. Let z(m) = -m**3 + 4*m**2 - 2*m - 1. What is z(u)?
2
Let r(d) = -69*d + 30*d + d**2 + 17 + 31*d. Let s be r(6). Let k(h) = h. Give k(s).
5
Suppose 389*b - 30 = 374*b. Let a(j) be the third derivative of 0 - 1/3*j**3 + 0*j + 1/60*j**6 - 4*j**b - 1/12*j**4 + 1/60*j**5. Give a(-2).
-10
Let t(f) = f**2 - 4*f - 7. Let i be t(5). Let b = -4 - i. Let h(q) be the first derivative of q**2 - q - 18. What is h(b)?
-5
Let l = -7 + 11. Let s(n) = -l*n**2 - 30*n - 1 + 24*n + 3*n**2. Give s(-4).
7
Let r(x) be the second derivative of x**3/6 + 4*x**2 + x. Let f = -968 - -962. Determine r(f).
2
Let v(a) = 3*a**2 - a - 1. Let x(d) = -5*d**2 + 50*d - 13. Let j(c) = -3*v(c) - x(c). Give j(-12).
4
Let f(c) = -19*c + 7. Let s(i) = 29*i - 6. Let y(g) = -3*f(g) - 2*s(g). Give y(13).
-22
Let h be ((3 - 4) + -1)/2. Let r(m) = m + 15*m**2 + 4891 - 4891. Calculate r(h).
14
Let j = -346 - -344. Let x(q) = -2*q**3 - 3*q**2 - 2*q. Calculate x(j).
8
Let w(b) be the first derivative of b**3/6 + 3*b**2 - 9*b - 32. Let n(r) be the first derivative of w(r). Determine n(0).
6
Let o be -3 + (-7)/(-1) - 3. Let f be 1/(o*(-2)/(-16)). Let z(a) = -12*a + 5*a + f*a + 3. Determine z(-3).
0
Let z(d) = -2*d**2 - 2*d - 1. Suppose -147 = -17*i + 329. Suppose 4*x = x - 87. Let s = x + i. Determine z(s).
-1
Let m(b) = b - 7. Suppose 1 - 7 = w. Let o(k) = -4*k - 1 + 3*k + k**2 + 6*k. Let y be o(w). What is m(y)?
-2
Let m(p) = 7*p**2 + p. Let j(g) = 3*g - 10. Let y = -46 + 49. Let z be j(y). Determine m(z).
6
Let s(l) = 10*l. Let k(h) = -13*h + 36. Let f be k(3). Calculate s(f).
-30
Let h(a) = -13*a - a**3 - 15*a**2 - 7 + 22 + 1. Let b be h(-14). Let g(s) = -s**3 + 2*s**2. Calculate g(b).
0
Suppose -4*v - 2*h = -7*h + 7, -3*v - h = 10. Let z(f) = -7 - 3 + 3 - f + 10. Determine z(v).
6
Suppose 0 = -222*i + 218*i + 8. Let y(g) = -2 + 3*g**2 - 5*g**2 + 3*g + g**2. Give y(i).
0
Let d(x) be the first derivative of 9 - x + 1/4*x**4 + 0*x**2 - x**3. Calculate d(3).
-1
Let p(l) = l**3 + 6*l**2 - 6*l. Suppose 4*x + 5 = 13. Let s = -9 + x. Calculate p(s).
-7
Let i(h) = 0*h + 3*h**2 + 5*h - 4*h**2. Let w be (-11 - 0) + 13 + 4/2. What is i(w)?
4
Let z(f) = -417*f - 407*f + 823*f - 4. Determine z(-14).
10
Let u = -36 + 51. Let m = 16 - u. Let a(i) = 0*i**2 - 9*i**2 - m + 5*i**2 + i - 9*i**2. Give a(1).
-13
Suppose 3*p + 3*p + 96 = 0. Let j = -19 - p. Let g(k) = k**3 + 3*k**2 + 2*k - 2. Determine g(j).
-8
Let t = -21 + 31. Suppose -6*m - 14 = t. Let y(c) = -c**2 - 5*c - 2. Give y(m).
2
Let t = -216 - -220. Let i(r) be the second derivative of -r**4/12 + r**3 - 3*r**2 + 6*r. What is i(t)?
2
Let z be ((-11)/(-33))/(1/45). Suppose q = 0, 3*c - z - 3 = 4*q. Let r(d) be the second derivative of d**4/12 - 7*d**3/6 + 7*d**2/2 + d. What is r(c)?
1
Let b be 1 + (-2 - 0) + 2. Let t(s) = s - 1. Let x be t(3). Let i be 2 + (b - (x + 4)). Let w(o) = -o**3 - 4*o**2 - 4*o - 3. Calculate w(i).
0
Let v(d) be the second derivative of 1/12*d**4 + 0 - 8*d + 0*d**2 + 1/30*d**5 + 1/180*d**6 - d**3. Let y(f) be the second derivative of v(f). Give y(-3).
8
Let n = -2 + 7. Let d(s) = -12*s**2 - 8*s - 674 + 13*s**2 + 681. Calculate d(n).
-8
Suppose -4*t + 18 = -t. Let b(r) be the first derivative of -r**2 - 8*r + 3. Calculate b(t).
-20
Let s be -1*(-2 - 1) + -1. Let l(u) be the second derivative of 2*u**3 - u**2 - 145*u. What is l(s)?
22
Let t(p) = -p**2 + 11*p - 1. Suppose -30*n + 6*n + 264 = 0. Give t(n).
-1
Let s(a) = -6 + 4 - a**3 - 3*a + 3 + 14*a - 6 - 6*a**2. What is s(-8)?
35
Let d(z) = z**2 - 36. Let u = -502 + 502. Determine d(u).
-36
Let t(w) = 4*w + 2. Let s(k) = 19*k - 212. Let j be s(11). Calculate t(j).
-10
Let p(h) be the third derivative of h**4/12 + h**3/3 - h**2. Let s(m) = -m**2 + 4*m + 2. Let v(z) = z**3 - 4. Let b be v(2). Let q be s(b). Calculate p(q).
6
Suppose -3*d - 5 - 16 = 0. Let t(z) = -5*z**2 + 12*z - 1. Let p(n) = 8*n**2 - 22*n + 2. Let h(j) = -3*p(j) - 5*t(j). Give h(d).
6
Suppose 5*k - 35 = 3*g, -117*k = 5*g - 121*k + 41. Let i(b) = -b - 17. Let w(f) = f + 8. Let j(c) = -3*i(c) - 7*w(c). Calculate j(g).
15
Suppose 3*q - 140 = -2*q. Let r = 28 - q. Let x(h) = -h**3 - h**2 - 11. Determine x(r).
-11
Let l(p) = -16 - 10 - p - 19 + 47. Determine l(-2).
4
Let p(n) = -5*n**2 - 2*n. Let c be p(1). Let k be (20 + -31)*(-4 - -1). Let t(s) = 7 + s**2 + 5 + k*s - 3 - 25*s. What is t(c)?
2
Let q(k) = -2*k**2 + 27*k - 21. Let r be -13*8/(-52)*(-39)/(-6). Calculate q(r).
-8
Let a be ((-1)/2)/(11/198). Let x(w) = -4*w - 29. Let l(f) = -f - 7. Let s(v) = 26*l(v) - 6*x(v). Determine s(a).
10
Let w(k) = -13*k + k - 8*k**2 + 1 + k**3 + k + 0*k + 11. Calculate w(9).
-6
Let j(d) = -d + 1. Let b = 7 - 8. Let z(h) = 4*h + 3. Let x(v) = b*z(v) - 3*j(v). Determine x(-6).
0
Let f(o) be the first derivative of o**5/60 + o**4/3 + 3*o**3/2 - o**2/2 - 9. Let c(u) be the second derivative of f(u). Calculate c(-6).
-3
Suppose o - 2 + 0 = 0. Suppose 0 = 5*f + o*t + t + 38, -15 = 2*f + t. Let l(s) = s**2 + 9*s + 9. Determine l(f).
-5
Suppose 2*l = 4*i + 6 - 34, 4*l = 4*i - 28. Let c(p) = -4*p**2 + 0 + 7*p + p**2 + 4 + 2*p**2. Determine c(i).
4
Let c be (((-4)/12)/((-2)/48))/2. Let u be ((-2)/c*2)/((-1)/(-3)). Let v(a) = -a**3 - 3*a**2 - a - 2. Calculate v(u).
1
Let u(j) be the second derivative of j**4/8 + 3*j**2 + 11*j. Let f(a) be the first derivative of u(a). Give f(-3).
-9
Suppose 5*n + 25 = 10*n. Suppose -3*m + 17 = -4*j + n, 2*j + 5*m + 6 = 0. Let x(p) = p**3 + 3*p**2 - p - 3. Determine x(j).
0
Let j(r) = -13*r**3 + 5*r**2 - 5*r - 31. Let z(b) = -30*b**3 + 9*b**2 - 9*b - 62. Let h(v) = -7*j(v) + 3*z(v). What is h(6)?
7
Let x(z) = -17*z**2 - 13*z - 7. Let d(f) = -24*f**2 - 19*f - 10. Let b(o) = -5*d(o) + 7*x(o). What is b(-2)?
-3
Let l(u) = -u**2 - 8*u - 7. Let w(c) = 5*c - 82. Let v be w(15). Determine l(v).
0
Let m = -2 - -1. Let b(l) = -7*l**3 - l**2 + l + 1. Let c be b(m). Let g(i) = -i - 8. Calculate g(c).
-14
Let q(a) = -4*a**3 + 6*a**2 + 4*a - 3. Let l(s) = s**3 - s. Let j(v) = -3*l(v) - q(v). Let p(u) = -3*u + 8. Let b be p(-16). Let i = b + -50. Determine j(i).
-3
Let l(r) = 5*r**2 + 6*r. Let x(n) = -9*n**2 - 11*n. Let p(f) = 11*l(f) + 6*x(f). Let z(u) = -3*u**2 - 2*u + 3. Let b(a) = -2*p(a) - z(a). Calculate b(3).
12
Let s(l) be the third derivative of l**4/4 + 3*l**3/2 + 331*l**2. Determine s(-2).
-3
Let i = -65 - -63. Let h(y) = 4*y + 1. Let x(u) = -8*u - 1. Let z(v) = -5*h(v) - 2*x(v). Give z(i).
5
Let k(j) = j - 3. Suppose 10*m + 28 = 6*m. Determine k(m).
-10
Suppose r + 12 = -2*r. Le